n i is divided by q?
3
Let a = -249 + 267. Calculate the remainder when 45 is divided by a.
9
Let x(q) = -q**3 - 2*q**2 + 4*q + 6. What is the remainder when 7 is divided by x(-3)?
1
Suppose -4*r + 10*s + 68 = 5*s, -92 = -4*r - s. What is the remainder when r is divided by 8?
6
Calculate the remainder when (-306)/(-9) + 1 + 0 is divided by 12.
11
Let u(d) = 17*d**3 + d**2 + d. Let v = -100 + 112. Calculate the remainder when u(2) is divided by v.
10
Let q = -163 + 70. Let z = -50 - q. What is the remainder when z is divided by 0 + (-1 - -1*16)?
13
Let f = 581 + -343. Suppose 0*g = -2*g + f. What is the remainder when g is divided by 30?
29
Let z(v) = v**3 + 14*v**2 - 16*v - 6. Let g be z(-15). Let c = 8 - g. Calculate the remainder when 42 is divided by 1 - (-3 - (c + 8)).
9
Let g = 26 - 18. Suppose -4*d + 0*d - g = 0. What is the remainder when d/3 + 136/6 is divided by 4?
2
Let b = -35 + 50. Suppose -d = 5*o - 52 + b, 2*o = 3*d - 26. Suppose 42 = 3*t - t. Calculate the remainder when t is divided by d.
9
Let f(n) = -3 - n - 5 - 13 + 4*n. Calculate the remainder when f(18) is divided by 17.
16
Let m(s) = s**2 - 4*s + 5. Let j(v) = -v**2 + 5*v - 6. Let a(t) = 5*j(t) + 6*m(t). Suppose -25 = 12*o - 17*o. What is the remainder when a(-4) is divided by o?
2
Let q = 3 + -11. Let w = -8 - q. Calculate the remainder when 127 is divided by (0/(-1) - w) + 32.
31
Let w = -14 - -19. Let d(t) = -t**3 + 3*t**2 + 13*t - 12. What is the remainder when 4 is divided by d(w)?
1
Calculate the remainder when 38 is divided by -4*(0 + (-63)/12).
17
Suppose -621 = -7*a + 37. Calculate the remainder when a is divided by 43.
8
Let r = 11 + -1. Suppose -5*z + 12 + 0 = -4*c, 5*z + 6 = -2*c. Let y(g) = -8*g - 6. Calculate the remainder when y(c) is divided by r.
8
Suppose 3*d + 2*m + 1 - 10 = 0, 4*m + 12 = 4*d. Let h(s) = -3*s**2 + 2*s + 5. Let t be h(4). Calculate the remainder when (-60)/t*3*7/6 is divided by d.
0
Let c(o) = -3*o - 6. Let h = -21 - -18. Let s be c(h). Suppose 2*f - 4*w = 37 + 35, s*w = 4*f - 164. Calculate the remainder when f is divided by 15.
14
Let c(l) = 24*l**2 + 2*l + 1. Let q be c(-1). Suppose 311 = 2*x + q. Calculate the remainder when x is divided by 49.
46
Suppose 0 = -3*i - 15 + 147. What is the remainder when 126 is divided by i?
38
Let x = 219 - -193. What is the remainder when x is divided by 59?
58
Let j = 150 - -22. What is the remainder when j is divided by 16?
12
Suppose -19 = 13*t - 14*t + 5*z, -5*t = -2*z - 49. Calculate the remainder when 33 is divided by t.
6
Suppose -4*g - g = -2*h - 2, 5*g = 5*h - 10. Suppose -h*w = -w - 57. What is the remainder when 37 is divided by w?
18
Let q = 121 + -63. Let u = -45 + q. Let z = -59 + 83. Calculate the remainder when z is divided by u.
11
Suppose 0 = -33*o + 49 + 1469. Calculate the remainder when 180 is divided by o.
42
Let p(j) = 12*j**2 + 9*j + 25. Calculate the remainder when p(-3) is divided by 12.
10
Suppose 5*k - 1 + 1 = 0. Suppose 0 = -7*h + 4*h + 3*r + 39, -2*h + 5*r + 11 = k. What is the remainder when 33 is divided by h?
15
Suppose 2*f - 7 = -n + 3*f, -4*n = 4*f - 28. Suppose -n*j = -j - 102. Let d = j + -16. Calculate the remainder when 2 is divided by d.
0
Suppose 0 = -3*z + v - 217, -5*z - 2*v - 142 = -3*z. Let n = z + 92. What is the remainder when 78 is divided by n?
18
Suppose -4*m - 10 = m, a + 4*m = 24. Let n(z) = z**2 - 40*z + 94. What is the remainder when a is divided by n(38)?
14
Let j = -12 - -35. Let p = -28 + 33. Calculate the remainder when (-270)/(-4) - p/(-10) is divided by j.
22
Let c = -250 - -362. What is the remainder when 6/(-15) - c/(-5) is divided by 4?
2
Let o = -28 + 42. What is the remainder when (-29)/((-8)/o - (-15)/(-35)) is divided by 5/(-2 + (-7)/(-3))?
14
Suppose 0 = 7*y - 46 - 136. Suppose -o - 14 = -5*v + v, 3*o - y = -5*v. Let d = -6 - -11. Calculate the remainder when d is divided by o.
1
Suppose -g - 4 = -4*s + 10, 14 = 5*g + s. Suppose 0 = 3*h + 4*b - 148, 4*b - g*b = -5*h + 242. Let x = 24 + -7. Calculate the remainder when h is divided by x.
14
Suppose 1357 = 46*v - 1541. What is the remainder when 498 is divided by v?
57
Suppose -33*v + 966 = 9*v. What is the remainder when (-6)/24 + 325/4 is divided by v?
12
Calculate the remainder when 276 is divided by (-3 + (-14)/(-6))*-9.
0
Suppose -n + 3*n = 28. Suppose f = 21 + n. What is the remainder when f is divided by 10?
5
Let i(j) = j**2 + 3*j - 2. Suppose -x - 2*c = 3*x - 70, 0 = -3*c - 15. Suppose -5*f = 5*b + x - 0, 2 = b. Calculate the remainder when 30 is divided by i(f).
14
Let z be (-1836)/(-15) + (-6)/15. Let n be (18 - 0)*(-9)/2. Let k = z + n. Calculate the remainder when k is divided by 21.
20
Suppose -23*z - 22*z = -5715. Calculate the remainder when z is divided by 42.
1
Let z(y) = -y**2 - 20*y + 2. Let i(h) = -2*h**2 - 59*h + 5. Let n(d) = -3*i(d) + 8*z(d). Calculate the remainder when 86 is divided by n(7).
20
Let z(d) be the third derivative of d**5/15 + d**4/4 - d**3/3 - 3*d**2. What is the remainder when z(-3) is divided by (-22)/(-2) - (-1 + 3)?
7
Suppose 0*v + 2 = 2*v, -4*q + 4*v = -96. What is the remainder when q is divided by 7?
4
Suppose -37 - 16 = -s. Calculate the remainder when s is divided by ((-54)/(-30))/((-3)/(-30)).
17
Let t(j) = -j**2 - 10*j - 9. Let h be t(-6). What is the remainder when (-4 - 2*-15)/2 is divided by 46/10 - 9/h?
1
What is the remainder when 48/8 + 3 + 1218 is divided by 15?
12
Suppose 63 = -6*q + 9*q. Suppose -3*k + 49 = 3*v - 149, 50 = k - 3*v. What is the remainder when k is divided by q?
20
Let s(o) be the second derivative of -o**3/6 - 3*o**2 + 15*o. Calculate the remainder when 28 is divided by s(-12).
4
Let o = 7 + -5. Suppose -30 = o*v - 7*v. What is the remainder when 10 is divided by v?
4
Let g be (-20)/35 - (-138)/21. Suppose -86 = -5*u - g. What is the remainder when 61 is divided by u?
13
Suppose 180*t - 175*t - 175 = 0. Calculate the remainder when 67 is divided by t.
32
Let f(n) = -6*n + 115. Suppose 0 = 8*d - 0*d. Calculate the remainder when f(d) is divided by 29.
28
Let g be (3 - (-4 - -3)) + -3. Suppose g = -k + 5. Calculate the remainder when 5 is divided by -2 + (0 - 1) + k.
0
Let x be (-330)/(-12) + -6 - (-1)/(-2). Let d = x - 15. Calculate the remainder when 15 is divided by d.
3
Let o(j) = j**2 + 10*j - 38. What is the remainder when o(6) is divided by 33?
25
Suppose 32*q - 46760 = 12*q. Calculate the remainder when q is divided by 26.
24
Let u = 23 - 20. Suppose 0 = -5*i + u*a - 6*a + 183, -2*i - 2*a = -70. Calculate the remainder when i is divided by 21.
18
Let n = 27 + -17. Suppose 1197 = n*s - s. What is the remainder when s is divided by 45?
43
Let f(a) = 13*a + 49. Let j be f(-4). What is the remainder when j/(-18) - (-1599)/18 is divided by 31?
27
Suppose -4*d + 2*o + 22 = 0, -3*o - 2*o - 25 = -5*d. What is the remainder when (-74)/(-10) + 4/(-10) is divided by (8/(-10))/(d/(-30))?
3
Let z = -2 + 2. Suppose 5*l - 39 - 6 = z. Let q(t) = t**2 + 2*t - 2. Calculate the remainder when l is divided by q(2).
3
Suppose -18*n - 168 = -24*n. Calculate the remainder when 50 is divided by n.
22
Suppose 109*x - 88*x = 714. What is the remainder when 196 is divided by x?
26
Suppose 4*q = 9*q - 60. Suppose z - 2*r = -r + 14, 0 = 5*z - 3*r - 72. Suppose -17 = -2*j + t, 5*j + z - 59 = 3*t. What is the remainder when q is divided by j?
5
Suppose -2*r = r - 5*c - 38, -3*c - 42 = -5*r. Suppose 0 = -3*k - 1 + 10. What is the remainder when 2/r + 14/3 is divided by k?
2
Let m = 1884 + -1747. What is the remainder when m is divided by 88?
49
Suppose 5*c - c + j = -114, 0 = 4*c + 5*j + 106. Let u = -14 - c. Let m = 47 - 19. Calculate the remainder when m is divided by u.
13
Suppose 3*y - 632 + 518 = 0. Calculate the remainder when 121 is divided by y.
7
Suppose 0 = 4*t + 2*y - 19 - 151, -t + 5*y + 37 = 0. Suppose 2*s + t = 3*o, -o - 3*s + 23 = -2. Calculate the remainder when 78 is divided by o.
14
Suppose 8*f - 12*f = -1204. Calculate the remainder when f is divided by 77.
70
Let w be (-2)/7*(-15 + 1). Let k be w - (6 + 1 + -3). Suppose k = n - 10 + 7. Calculate the remainder when 7 is divided by n.
1
Let n(a) be the second derivative of -a**5/20 - 3*a**4/2 - 7*a**3/2 - 9*a**2 + 11*a. Calculate the remainder when n(-17) is divid